s = -23 - l. Suppose s*u - 637 = 313. What is the units digit of u?
0
Let z = 10698 + -2437. What is the tens digit of z?
6
Let u(r) = -12*r - 28. Let w be u(-4). Let s = 4 - -19. Suppose -w*o - 276 = -s*o. What is the units digit of o?
2
Suppose -r = -5*l + 25, -3*l = -3*r - 4*l + 5. Suppose 0 = 6*t - r*t - 66. Suppose -12*i + 203 = -t*i. What is the hundreds digit of i?
2
Suppose -3*l + 14875 = 5*z - 327862, 3*l = 5*z - 342773. What is the thousands digit of z?
8
Suppose 3*a + 22 = 16. Let l be (-3 - a)/(1/5). What is the units digit of 1/l - 90/(-25)*2?
7
Suppose 26204 - 9126 = 4*h - x, -4*x = 8. What is the tens digit of h?
6
Suppose 3*r + 4*d = -61, 0*d = 5*r + 3*d + 87. Let j be 5/(r/(-188))*(6 + -15). What is the hundreds digit of j*6/(-12) + 1?
2
Let w(g) = g**3 - 6*g**2 + 5*g. Let h be w(5). Let s be 174 - h - 25/(-5). Suppose -3*c = 5*y + s - 1584, -3*y + 4*c = -843. What is the tens digit of y?
8
Suppose -5*u = -10*u + 3*l + 1694, l = u - 338. Suppose 4*b - 840 - u = -4*j, -j + 3*b + 291 = 0. What is the tens digit of j?
9
Let p = 19024 - 3678. What is the thousands digit of p?
5
Suppose -495*s + 27*s = 84*s - 44852208. What is the units digit of s?
4
Let k(t) = -4*t**3 - 2*t**2 + t + 10. Let s be (-12)/6 + (-2 - -1). Let m be k(s). Let j = 56 + m. What is the hundreds digit of j?
1
Suppose -937 = 3*w + 4*l - 4018, 5*w - 5127 = -4*l. What is the tens digit of w?
2
What is the tens digit of 121228/9 - (-8)/36?
7
What is the tens digit of (-8)/(-9) - 29339975/(-2205)?
0
Let d(o) = -4*o - 61. Let t be d(-16). What is the thousands digit of (-4)/4 - (-3801)/t?
1
Let b(s) = 9576*s + 3515. What is the hundreds digit of b(7)?
5
Suppose 3*u - 3*m - 27 = 0, 4*u + 2*m - 5 = 19. Suppose -g + 5*v = -489, -g + u = -4*v - 486. What is the tens digit of g?
0
Suppose 2*g - 18022 = -1083 + 12869. What is the hundreds digit of g?
9
Let o(r) = 12*r**2 - 15*r - 4*r**2 + 21 - r**3 + 8*r**2. Let z = 535 + -521. What is the hundreds digit of o(z)?
2
Let d = -171 + 330. Suppose k = -2*k - d. Let i = -45 - k. What is the units digit of i?
8
Let r be 3/(4/(-16) - 262/(-1096)). Let f = 487 + r. What is the units digit of f?
3
Let r(m) = 5*m**3 - 19*m**2 + 44*m**2 - 23*m**2 - 12*m**3 - m + 15. What is the units digit of r(-3)?
5
Let j = -169 + 1004. Let r = j + 222. What is the tens digit of r?
5
Suppose -118164 = -8*w + 5*p, -5*w + 73820 = -6*p + 11*p. What is the hundreds digit of w?
7
Suppose -171907 + 29863 = -19*l. What is the thousands digit of l?
7
Let p(y) = 44 + 2*y - 59 - 4*y**2 + 5*y**2. What is the hundreds digit of p(-13)?
1
Let o(i) = 382*i**2 - 201*i + 773. What is the tens digit of o(4)?
8
Suppose -4*k = -5*b - 14235, 3*k - 8*b + 5*b = 10677. What is the tens digit of k?
6
Let x(t) = -t**2 + 8*t + 225. Let c be x(28). Let g = c - -624. What is the tens digit of g?
8
Suppose 3*p + 25332 = -y + 97710, -2*p + 5*y = -48252. What is the hundreds digit of p?
1
Suppose 84*f + 301*f - 15315305 = -339190. What is the tens digit of f?
9
Let o(i) = 2*i**2 + 14*i + 74. What is the tens digit of o(33)?
1
Let k(f) = -f**3 + 20*f**2 - 11*f - 34. Suppose q + 1 = 0, -2*q + 3*q = -s + 7. Let x be s/28 - (-524)/28. What is the hundreds digit of k(x)?
1
Let c = -13231 - -25583. What is the units digit of c?
2
Let h(q) = -q**3 - 2*q - 92*q**2 + 44*q**2 + 25*q**2 + 1068. What is the tens digit of h(0)?
6
Let d = -92 - -129. Suppose 3*q + 92 = -p, 4*q - 27 = p + d. Let i = p + 95. What is the tens digit of i?
1
Let u(n) = n**2 + 3*n + 22. Let i be u(17). What is the tens digit of (i/6)/((-3)/(-18))?
6
Suppose -2*u + 5 + 103 = -2*w, w = 5*u - 66. Suppose -f = -c - 6, 0 = f + 3*f. Let t = c - w. What is the tens digit of t?
4
Let b = 82535 - 56934. What is the hundreds digit of b?
6
Suppose 0 = -4*d + 5*j + 475, 3*d + j + 239 = 5*d. Let b be 3/((-18)/(-15))*d/50. Let w(u) = -u**3 + 6*u**2 + 9*u - 24. What is the tens digit of w(b)?
3
Suppose -3*q = -2*r - 29161, 3*r = -35*q + 37*q - 19434. What is the tens digit of q?
2
Let j(u) be the second derivative of u**4/2 + 3*u**3/2 + 29*u**2 - 5*u + 2. What is the tens digit of j(9)?
2
Suppose 102*s - 3036 = 99*s. Let q = s - -413. What is the tens digit of q?
2
Let c(a) = -a**3 - 28*a**2 + 124*a + 31. Let j be c(-31). What is the tens digit of (21386/(-15))/(-2) + (-124)/j?
1
Let v = 144 + -83. Let z = 68 - v. What is the units digit of 4/(-14) + (2032/z)/8?
6
What is the units digit of ((-511062)/513)/((-6)/27)?
3
Suppose -3*s - 43*j + 40*j + 9 = 0, -j + 6 = 2*s. Suppose 3227 = s*g - 5*q, 0 = -6*g + 7*g - q - 1073. What is the thousands digit of g?
1
Suppose 8*t + 1664 = 10*t. Let y = -562 + t. What is the hundreds digit of y?
2
Suppose 0 = -977*c + 978*c - 15. Suppose t - 6887 = -19*h + c*h, 3*t = -3*h + 5172. What is the units digit of h?
1
Let g(h) = 2*h**3 - 2*h**2 - 7*h + 134. What is the units digit of g(7)?
3
Let t = 64113 + -38058. What is the units digit of t?
5
What is the hundreds digit of (4 - -1 - 86536/290)*-3*5?
4
Suppose 4804 + 3866 = 2*d - 4*k, 4331 = d + 2*k. What is the units digit of d?
3
Suppose l + 2*l = 219. Suppose 0 = 5*d + y + 157, -11*d - 4*y = -6*d + 163. Let b = d + l. What is the tens digit of b?
4
Let z(x) be the second derivative of x**4/4 + 2*x**3/3 + 3*x**2/2 - 20*x. Let n be z(-1). Suppose n*k - 44 + 2 = 0. What is the units digit of k?
1
Let c = 11 + -9. Suppose 0 = 5*a + c*r - 5, -3*r - 2*r = -2*a + 31. Suppose -5*h - i = -2*i - 247, a*h - 144 = 2*i. What is the tens digit of h?
5
What is the units digit of (-10 - 4890/24)/((-6)/80)?
0
Let q(r) = -2*r**3 + 2*r**2 + 46*r + 226. Let g = -565 + 559. What is the units digit of q(g)?
4
Suppose 14*x = -4*h + 11*x + 13, -2*h + 14 = 4*x. Let u(y) = 763*y + 45. What is the tens digit of u(h)?
0
Suppose -155*t + 16821 = -176*t. Let k = 746 - t. What is the hundreds digit of k?
5
Suppose 3*g - 39 = -27. Suppose -g*h + 8*p = 6*p - 1002, 4*h = -5*p + 1009. What is the hundreds digit of h?
2
Suppose 124*x = 131*x - 1932. Suppose -x*a + 273*a + 444 = 0. What is the hundreds digit of a?
1
Let l be 3*24 - 2/(-2). Let p = -1802 + 1947. Let x = p - l. What is the units digit of x?
2
Let n = -902 + 907. Let c(i) = 62*i**2 - 18*i + 32. What is the hundreds digit of c(n)?
4
Let j = -108 + 112. Suppose 3*p - 5*z = 247, -3*p = j*z - 274 + 72. Let b = p - 34. What is the units digit of b?
0
Let n(w) = -w - 14. Let p be n(-15). Let f(m) = -12*m + 2. Let c be f(p). What is the units digit of c/(-30) + (-248)/(-3)?
3
Let s(y) = -18411*y**3 - 3*y**2 - 25*y - 24. What is the thousands digit of s(-1)?
8
Suppose -7*i - 2*q + 20 = -2*i, 4*q = 4*i + 12. Suppose 5*p - 5*b = 445 + 380, p - i*b = 167. What is the units digit of p?
3
Let i(j) = -2*j**3 - j**2 + 8*j - 12. Let g(k) = k**2 - 5. Let h be g(0). Let y be i(h). Let f = y - 122. What is the units digit of f?
1
Let u be 12/(-42) - (-6)/21. Let y be -12 - -14 - (-2 - (-35 - u)). Let m = 80 + y. What is the units digit of m?
9
Let y(x) = -228*x - 161. Let i be y(-3). Suppose -3*d + 2290 = i. What is the hundreds digit of d?
5
Suppose -3*b + a = 291, 386 = -4*b + 5*a - 3*a. Let k(y) = -3*y**3 - 1. Let g be k(1). Let j = g - b. What is the units digit of j?
4
Let b(u) = 509*u + 1369. What is the hundreds digit of b(6)?
4
Let w(x) = 6*x**2 + 255*x + 517. What is the ten thousands digit of w(-69)?
1
Let t(c) = -4*c - 131. Let g be t(-33). What is the hundreds digit of (-464)/(-2) + (8 - (6 - g))?
2
Suppose -4*n + 524 = -5*f - 2*n, 2*f + 212 = 2*n. Let t = f + 124. What is the tens digit of (-5)/(t/(-748)) + -4?
8
Suppose -4*g + 96 = -5*r, -g - 2*r = -5*g + 108. Let y = 35 + g. Suppose 464 = 4*b + y. What is the units digit of b?
0
Suppose 23*b - 14664984 = -225*b. What is the hundreds digit of b?
1
Suppose -8 = 8*p - 128. Let j(c) = -12 - c + c - p*c. What is the tens digit of j(-3)?
3
Suppose 2*z - 10 = -2*y, -4*y = 2*z - z - 17. Suppose -3*s = -4*m - 76, s = 3*m - 7*m + y. What is the tens digit of 2032/s - 9/15?
0
Let i = -26656 + 97179. What is the hundreds digit of i?
5
Let a be (30064/(-24) + 2)*(0 - 3). Suppose -1478*j = -1482*j + a. What is the units digit of j?
8
Suppose 0 = -28*u + 29*u - 6489. What is the tens digit of (-1)/(-2) - (-12 - u/14)?
7
Let p = -350 + -85. Let a = -115 - p. What is the tens digit o